+ 4. Let a(j) = j**2 - 13*j - 20. Let o be a(14). Give t(o).
-13
Let u(j) = 4*j - 80. Let v = -1957 + 1978. Calculate u(v).
4
Let o(k) be the second derivative of k**4/12 - 2*k**3 + 8*k**2 - 65*k - 2. What is o(10)?
-4
Let w(c) = 23 + 4 + c**2 + 34*c - 41*c - 14. Calculate w(6).
7
Let g(c) = -c**3 - 6*c**2 - 3*c + 3. Let s be 3/6*12 - 2 - 10. Give g(s).
21
Let z(s) = -s + 2 + 53*s**2 + 2*s**3 - 23*s**2 - 4*s**3 - 27*s**2. Give z(2).
-4
Let w(x) = -x**3 - 5*x**2 - 4*x - 3. Let k(a) = 10*a + 66. Let m be k(-7). Calculate w(m).
-3
Let u(t) = -t + 2. Let g be u(-6). Suppose g - 20 = -3*h. Let x(v) = -20*v - 4. Let a(b) = 9*b + 2. Let n(m) = 9*a(m) + 4*x(m). Calculate n(h).
6
Let g(z) be the first derivative of -z**2/2 + z - 2. Suppose -24*n + 23*n + 40 = 0. Let q = n - 38. Calculate g(q).
-1
Let f(t) = t**2 + 6*t + 15. Let x(o) = -2*o**2 - 10*o - 30. Let d(z) = -5*f(z) - 2*x(z). Determine d(-10).
-15
Let t(w) = -7*w**2 - 4*w + 3. Let m(a) be the third derivative of a**5/15 + a**4/12 - a**3/6 - 12*a**2. Let j(u) = -5*m(u) - 3*t(u). What is j(-4)?
4
Suppose -29*u = -18*u + 33. Let n(g) = g**2 + 5*g + 7. Determine n(u).
1
Let u(v) = -4*v + 1. Let x(r) = -r**3 + 8*r**2 - 6*r - 10. Let n be x(7). Let w(k) = 7*k - 2. Let d(h) = n*w(h) - 7*u(h). What is d(1)?
6
Let h(a) = -a**2 - 5*a + 4. Let o = 53 - 32. Let u = 26 - o. Suppose -v + 28 = -u*f + f, -f - 18 = -3*v. What is h(f)?
-2
Let f(c) = -c**2 - 6*c + 4. Let v(n) = -n**2 + 8*n - 12. Let m be v(7). Let g be (m/(-15))/((-3)/27). Give f(g).
13
Let d(i) = i**3 - 4*i**2 + 5*i - 6. Suppose -3*k = 3*m - 63, 2*k = 2*m + 20 + 14. Suppose -k + 14 = -5*q. Let y be q - (-5 + (4 - 2)). What is d(y)?
14
Let r(p) be the first derivative of -p**6/360 - 7*p**5/120 - 5*p**4/24 - 4*p**3/3 + 17. Let g(q) be the third derivative of r(q). Determine g(-4).
7
Let v(s) be the second derivative of -s**6/180 + s**5/30 - s**4/12 + 5*s**3/2 + 6*s. Let d(r) be the second derivative of v(r). Calculate d(3).
-8
Let i(v) be the second derivative of v**4/6 - 2*v**3/3 + 3*v**2/2 + 108*v. Calculate i(3).
9
Suppose 10 = 7*j - 5*j. Suppose -2*q + 11 = -3*d, -4*q + 4*d + 24 = -0*d. Let c(p) = 5*p + 2*p**2 + 2*p**2 - 5*p**2 + q. Determine c(j).
7
Let k(i) = 4*i - 10. Let x(p) = 2*p - 5. Let j be (-43)/5 - (-1 - 35/(-25)). Let n(v) = j*x(v) + 4*k(v). What is n(4)?
-3
Suppose 6*v + 3*v = 162. Let w = v + -15. Let i(r) = -r**3 + 2*r**2 - 3*r + 3. Determine i(w).
-15
Let a = 160 + -159. Let l(g) be the first derivative of 1 + 0*g - 2/3*g**3 - 1/2*g**2. Calculate l(a).
-3
Let f be ((-27)/(-3) + -4)*2. Let o(t) = -t**3 + 10*t**2 + 5*t - 47. Determine o(f).
3
Let a(y) = -2*y**3 + 3*y**2 - 3*y. Let f(s) = 17*s**2 + 2*s - 6. Let h be f(2). Let b = -64 + h. Calculate a(b).
-10
Let h(l) = l**2 - 5*l - 10. Let m(o) = 2*o**2 - 13*o - 27. Let a be m(9). Suppose 0 = d - 3*d + 4*s + a, 2 = -2*s. Give h(d).
4
Let m(q) = -q. Let n(a) = a**2 + a + 1. Let t(f) = -m(f) + 3*n(f). Determine t(-2).
7
Let p(i) = -i + 13. Let o(b) = b**3 + 9*b**2 + 6*b - 7. Let v be o(-8). Let q be 4/(-18) - 7/v. Let a be (q*6)/(-2 + 1). Give p(a).
7
Suppose -5*p + 6 = 2*f - p, 3 = -3*f - 2*p. Let w = 146 - 144. Let g(o) = 4*o**2 + w + 2 - 688*o**3 + 3*o + 689*o**3. Calculate g(f).
4
Let f(a) = 24 - 8 - 11 + 7*a - 8. Let g = -180 + 177. Calculate f(g).
-24
Let q(a) = 4*a + a**3 + 44*a**2 - 70*a**2 + 4 + 30*a**2. Calculate q(-3).
1
Let y(o) be the third derivative of o**4/8 - o**3/3 + 3*o**2. Let l = 338 + -333. Give y(l).
13
Let a be ((-14)/(-4)*3)/((-1)/(-2)). Let h(i) = i**3 - 45*i**2 + 2*i + a*i**2 + 20*i**2 + 1. Let m be (6/(-4))/(-3)*4. Give h(m).
-3
Let i(f) = f - 1. Let o(g) = -3*g. Let t(m) = 4*i(m) + 5*o(m). Calculate t(4).
-48
Let z(r) = r**2 - 4*r + 7. Let o(w) = w**2 - 5*w + 8. Let q(f) = -5*o(f) + 6*z(f). What is q(-4)?
14
Let d(k) = -k**2 - k + 2. Let u be d(-3). Let l(y) be the third derivative of -y**4/12 - 5*y**3/6 - 157*y**2 - 3. Determine l(u).
3
Let y(p) be the second derivative of -p**6/120 + 7*p**5/60 - 5*p**4/24 - 5*p**3/6 + 9*p**2/2 + 3*p. Let v(l) be the first derivative of y(l). What is v(6)?
1
Let o(v) = -5*v - 1. Let n be o(1). Let g(t) be the second derivative of 1/6*t**3 + 3*t**2 + 0 + t. What is g(n)?
0
Let q(f) be the first derivative of -5*f**2/2 - 4*f + 56. Give q(-2).
6
Let y(a) = 7*a**3 - a**2 + 1. Let w(o) = -6*o**3 + 12*o**2 - 4*o - 6. Let k(r) = -r**3 - r + 1. Let f(m) = -5*k(m) + w(m). Let q be f(12). What is y(q)?
7
Let v = -1225 - -1227. Let u(m) be the first derivative of -4/3*m**3 - v*m**2 + 9 - 4*m + 1/4*m**4. Determine u(5).
1
Let g(u) = 2*u**2 + 3 + u**2 + 823*u - 827*u. Determine g(3).
18
Let o(b) = -b**3 - 14*b**2 - 14*b - 19. Let s be ((-13)/(-1))/(-4 - (-6)/2). Let q be o(s). Let n(g) = -5 - 9*g + 0*g**2 + 0*g**3 - g**3 - 7*g**2. What is n(q)?
13
Let z(c) = 5*c + 13. Let m(n) = 5*n + 14. Let g(d) = -6*m(d) + 7*z(d). What is g(5)?
32
Let t(g) = -g - 2. Suppose -2*o = -o + 6. Let i be (20/o)/(-5)*-6. What is t(i)?
2
Suppose 4*s = v + 5, 3*s - s - 25 = 5*v. Suppose 3*g - g = s. Let l be (-4*1)/(-2 - g). Let j(i) = -4*i. What is j(l)?
-8
Let b be 8/(-5)*1*-5. Let u(c) = 6 + c**2 - b*c - 3 + 4. Suppose -2*f = -2*l - 22, -5*f + 2*l - 20 = -9*f. Give u(f).
0
Let o(h) = -3*h**2 - 4*h - h - 2 + 4*h**2. Let s(q) = -23*q + 1176. Let p be s(51). What is o(p)?
-8
Let r(b) = 7*b**3 + 6*b**2 + 17*b - 1. Let c(x) = 5*x**3 + 7*x**2 + 16*x. Let o(h) = 3*c(h) - 2*r(h). Give o(-7).
2
Suppose -1165 = -5*m - 5*g, -3*m - 5*g + 6*g + 719 = 0. Let a = 238 - m. Let j(d) be the first derivative of -d**3/3 + d**2/2 - 7*d - 1. Determine j(a).
-7
Let n(d) = -d**2 + d. Let r be ((-12)/(-12))/((-1)/(-14)). Suppose -3*a - 4*v = 2, -r + 4 = -2*a + 3*v. Give n(a).
-2
Let i(w) be the third derivative of w**5/60 - w**4/8 + w**3/6 + 284*w**2. Calculate i(4).
5
Let m(r) be the second derivative of r**4/12 + r**3/6 - 5*r**2/2 - r. Let s be (-8)/12*(6 + -2 + 83). Let d = s - -54. What is m(d)?
7
Let s(m) = m**3 + 6*m**2 + 3*m - 3. Let b be -8*4/(-24)*3. Suppose -z - h = b, 8 - 19 = 4*z - h. What is s(z)?
15
Let s(j) = -j + 2. Let f(c) = -8*c - 16. Let x(v) = -9*v - 16. Let y(k) = 3*f(k) - 2*x(k). Let b be y(-2). Give s(b).
6
Let x(o) be the second derivative of -25*o**4/12 - o**3/6 - 2413*o. Let k(f) = f - 6. Let j be k(5). Give x(j).
-24
Let q(a) be the first derivative of -a**2 + 9*a - 1. Suppose -2 = w, 2*z - z = w + 1. Let x be (-13)/((-13)/6) - z. What is q(x)?
-5
Let p(n) = 1 + 2*n**2 + 41*n**3 + 4*n**2 - 43*n**3 - 5*n. Determine p(3).
-14
Let h(p) = -14*p - 7 - 9*p - p**3 - 10*p + 23*p + 12*p**2. Determine h(11).
4
Let x(f) = -f**3 + 7*f**2 - 3*f + 3. Let v(s) = 6*s**2 + 4*s - 3. Let u be v(1). Give x(u).
-18
Let h(x) = -x. Let w(u) = 2*u**2 - 4 + 0*u + 0*u. Let j(b) = b**3 - 6*b**2 + 9*b. Let t be j(2). Let f be w(t). Determine h(f).
-4
Let f = 12 - 19. Let s = f + 1. Let n(k) = -4 + 2*k + 11 + 0. Determine n(s).
-5
Let h(f) = 89*f**3 + 24 + 8*f - 5*f**2 - 90*f**3 - 9. Determine h(-6).
3
Let w(p) be the second derivative of -3/2*p**2 - 2*p - 1/2*p**4 - 3 - 1/20*p**5 + 7/6*p**3. Let y be 0 + 0 - (6 - -1). Give w(y).
-3
Let k be -1 + 4*(-12)/(-8). Suppose -b - 11 = -2*p, 0*p = -3*b - k*p + 11. Let i(y) = y + 2. What is i(b)?
-1
Let r(h) = -h**2 + 7*h + 10. Let x = 544 - 534. What is r(x)?
-20
Let j(v) = v + 9. Let d(x) = -2*x**3 - 36*x**2 + 45*x + 123. Let o be d(-19). Determine j(o).
-1
Let b = 104 - 64. Suppose 5*h - b = 5*z, 3 = 3*z - 4*z. Let l(g) = g**3 - 5*g**2 - g + 7. Calculate l(h).
2
Let p(j) = j**2 - 1. Let o be p(-1). Suppose 3*i + o*i = -3. Let k(s) = 16*s. Give k(i).
-16
Let u(a) be the first derivative of -a - 8 + 1/2*a**2. What is u(-4)?
-5
Let z(w) = -466*w + 158*w + 2 + 157*w + 3*w**2 - 2*w**2 + 157*w. Let g(m) = m**3 - 4. Let s be g(0). Determine z(s).
-6
Let f(b) = -b**2 + 6*b - 8. Let x be ((-2)/2)/(-3)*36. Suppose -m + x = m. Give f(m).
-8
Let s(n) be the first derivative of -n**5/60 - n**4/8 + 2*n**3/3 - 13*n**2 - 5. Let w(t) be the second derivative of s(t). Suppose 2*x - 6 + 16 = 0. Give w(x).
-6
Let p(g) be the second derivative of 0 + 12*g - 1/12*g**4 + 7/6*g**3 + 2*g**2. What is p(7)?
4
Suppose 3*o + 9 = c, -c + 6*c + 5*o - 25 = 0. Let d(y) = -4 + 0 + y**3 + c + 3*y**2 + y. Suppose b - 4*b - 9 = 0. Determine d(b).
-1
Let l(z) = 2*z +